is x(v)?
2
Let y = -43 - -72. Let s = -26 + y. Let h(k) = -351*k**s + 2*k**2 + 353*k**3 - k**2 - k. Determine h(1).
2
Let u(l) = 3*l**3 - l**2 - 2*l + 2. Let s(n) = -17*n**3 - 27*n**2 + 51*n - 244. Let f(a) = s(a) + 6*u(a). Calculate f(32).
-8
Suppose 8*b + 30 = 13*b. Let h(w) be the first derivative of -w**4/12 + 4*w**3/3 - 2*w**2 + 13*w - 10. Let z(i) be the first derivative of h(i). Give z(b).
8
Let i(q) = -2*q - 6. Suppose f - 4*a - 51 = 0, 4*f = f - 5*a + 238. Let v = -61 + f. Suppose -3*r = 3*h + 12, 0 = 4*h - 3*h - 2*r + v. Give i(h).
6
Suppose 0 = 150*d - 23*d - 762. Let k(r) = -r**2 + 9*r - 17. What is k(d)?
1
Let q(m) = 2*m + m - 7 - 7. Suppose 298*l - 895 + 510 - 1403 = 0. What is q(l)?
4
Let h(p) = -4*p**2 - 2*p + 4 - p**3 - 4. Let l = 1578 + -1570. Suppose 2*x = -10, -3*o - l*x + 11*x = -6. Calculate h(o).
-3
Let l(j) = 15*j**3 - 5*j**2 - 4*j - 3. Let x(z) = -22*z + 27. Let f be x(1). Let d(n) = 22*n**3 - 8*n**2 - 6*n - 5. Let s(k) = f*d(k) - 8*l(k). Give s(1).
-9
Let u(f) = -16 + 23 - f + 2*f. Suppose -2*j = -4*q - 18, -j + q - 3 = 5*q. Let z(c) = -c**3 + 3*c**2 + 12*c - 17. Let p be z(j). What is u(p)?
0
Let o(m) = -20*m + 0 - 6 - m - 111032*m**2 + 111031*m**2 - 2*m. Calculate o(-23).
-6
Let w be 612/(-81) - 140/(-252). Let s(t) = 2*t**3 - 10*t**2 - 2*t - 13. Let n(h) = -3*h**3 + 19*h**2 + 5*h + 25. Let x(c) = -3*n(c) - 5*s(c). Give x(w).
25
Let f(x) = -161*x**2 - 21*x. Let d = -83 + 62. Let j(p) = -16*p**2 - 2*p. Let l(h) = d*j(h) + 2*f(h). Give l(-1).
14
Let v be 2/((-12)/(-99)*(-81)/108). Let k(y) = -y**3 - 22*y**2 + y - 5. Calculate k(v).
-27
Let r(i) be the first derivative of i**4/24 + 2*i**3/3 - i**2/2 - 3*i + 10. Let g(z) be the second derivative of r(z). Calculate g(-2).
2
Let i(o) be the third derivative of -o**4/12 - 4*o**3/3 + 5*o**2. Let v be (14/35)/(777/630 + (-8)/6). Determine i(v).
0
Let t(h) = 2*h + 0*h - 6*h. Let b(i) = 49*i - 382. Let o be b(8). Let r be -3 - (o/(-30))/(1/21). Give t(r).
-16
Let x(d) = -3*d**3 + 2*d**2 - 1. Suppose 5*m + 2*v - 32 = 0, -4*v - 9 = -4*m + 39. Let s(u) = u - 1. Let p be s(m). Suppose p*l = 9*l - 2. Calculate x(l).
-2
Let d(t) = -12*t + 4. Let s = 3942 + -3943. Give d(s).
16
Let p(y) = 72*y + 289. Let w(u) = -144*u - 557. Let m(t) = 7*p(t) + 3*w(t). Calculate m(-5).
-8
Let h(d) be the third derivative of -17*d**4/12 + 5*d**3/2 + 4*d**2 - 320*d - 2. Calculate h(4).
-121
Let s(w) = -w**3 - 22*w**2 - 35*w + 108. Suppose -417 + 375 = 3*c + 3*g, 48 = -3*c - 2*g. Calculate s(c).
8
Let m(i) = 24*i + 36*i + 2372894 - 2372954. Determine m(1).
0
Let x = 32909 - 32905. Let j(i) = 0 - 6 + 7*i + 2. Give j(x).
24
Let d(o) = 3*o**2 + 3*o + 2. Suppose -3*w - 8 + 32 = 0. Suppose 2*i + 2 = -j, 2*j - w = 6*j - i. What is d(j)?
8
Let k(p) = p**3 + 7*p**2 + 2. Let g be k(-7). Suppose 2*i + g*j + 2 + 16 = 0, -5*j = -4*i. Let m(u) = 2*u - 5. Determine m(i).
-15
Let h = -84 - -82. Let w(r) = -r**2 - r. Let y(o) = o**3 + 8*o**2 + 6*o + 1. Let t = 6 - 5. Let a(c) = t*y(c) + 6*w(c). What is a(h)?
1
Let u = 62052 - 62055. Let q(s) be the second derivative of s**4/3 + s**3/2 + s**2/2 + s. Give q(u).
28
Suppose 167*x + 115 = 52*x. Let o(t) = 5*t**2 - 4. What is o(x)?
1
Let r(b) be the first derivative of b - 170 - 7/2*b**2. Calculate r(3).
-20
Suppose -96*l + 180*l = 128*l + 1100. Let j(y) = y**3 + 25*y**2 + 3*y + 47. Calculate j(l).
-28
Let w(d) = -40*d + 122. Let b(n) = 12*n - 69. Let y be b(6). Calculate w(y).
2
Let a(f) be the second derivative of f**8/3360 + f**7/2520 - f**6/360 + 109*f**4/12 + 4*f + 15. Let s(z) be the third derivative of a(z). Determine s(-2).
-8
Let q(r) = r**3 + 2*r**2 + 2. Let d(z) = 5*z**3 + 7*z**2 + 6. Let f(t) = 4*d(t) - 13*q(t). Calculate f(-1).
-7
Let m(y) be the first derivative of y + 1/3*y**3 - 49 - 1/2*y**2. Calculate m(3).
7
Let f(u) be the first derivative of 1/2*u**2 - 25 - 2*u. Suppose 51 - 39 = 4*o. Determine f(o).
1
Let g(x) = -3*x**3 - x - 3. Let q(c) be the second derivative of 0 - 1/6*c**3 - 2*c + 0*c**4 - c**2 - 1/20*c**5. Let y(k) = -3*g(k) + 5*q(k). What is y(-1)?
-3
Suppose -5*i - u + 20 = 2, 4*i - 6 = 2*u. Let n(c) = 10*c + 3*c**2 - 2 - 5*c**2 - 2*c**i - 11*c + 2*c. Determine n(-3).
31
Let k(n) = -48*n - 16. Let p(m) = 16*m + 5. Let c(t) = 3*k(t) + 10*p(t). Determine c(3).
50
Let m(s) be the third derivative of -2*s**2 + 0 + 0*s - 7/6*s**3 + 1/12*s**4 - 1/20*s**5 + 1/120*s**6. Determine m(3).
-1
Let i(s) = -s**2 + 4*s + 66. Suppose 0 = -46*z - 1959 + 2465. What is i(z)?
-11
Let g = -208 + 196. Let j(l) = -l - 12. Let t(q) = 1. Let m(p) = -j(p) + 4*t(p). What is m(g)?
4
Suppose 5*x + 4*s - 38 = 0, -5*s = -871*x + 876*x - 45. Let r(d) be the first derivative of d**3/3 - d**2/2 - 2*d - 2. Give r(x).
0
Let y(u) = -83*u + 1. Let h = 3218 - 3217. Give y(h).
-82
Let i(g) = 16*g**3 + g + 1. Let k(m) = -129*m**3 - 4*m**2 - 7*m - 9. Let c(f) = -8*i(f) - k(f). Calculate c(1).
5
Let n(l) = 105*l**2 - 4*l + 20 + l**3 - 299*l**2 + 9*l + 102*l**2 + 98*l**2. Calculate n(-6).
-10
Let c(o) = -11*o - 35. Suppose -26*i - 29*i + 39*i = 240. Give c(i).
130
Suppose 4*s = 4, 0 = 2*o - 5*s + 4 - 3. Suppose -6*b = -31*b + 75. Let y(w) = -b*w**2 + 38 - 3*w - 36 + 3*w. Give y(o).
-10
Let b(j) = -j + 2427. Let w(k) = -k + 2669. Let a(g) = 11*b(g) - 10*w(g). Suppose 4*i + 16 = 5*i. Calculate a(i).
-9
Let v(y) be the first derivative of -y**2/2 - 3*y + 460. Suppose -20 + 8 = 2*b. Give v(b).
3
Let s be (-4 - -2)/((-12)/12). Let h(x) = 1 - 2*x**3 + 10*x**3 - 12*x**3 - x. Calculate h(s).
-33
Suppose x + 4*r + 1 = 0, -2*x - 3*x = r - 33. Suppose -360*g - 8 = -361*g. Let y(l) = 4*l - 11*l + g*l - x. Determine y(3).
-4
Let u(f) be the first derivative of -f**2/2 - 49*f - 4237. Determine u(-32).
-17
Let b(s) = -s**2 - 25*s + 44. Let w be ((-1404)/144)/((30/16)/5). Calculate b(w).
18
Suppose 0 = 2*a + 13*a - 84*a - 13*a. Let y(v) be the third derivative of 7/60*v**5 + a*v + 0 - 5/24*v**4 - 1/120*v**6 + 2/3*v**3 + 8*v**2. Give y(6).
10
Suppose 4*g = 3*h - 5*h + 18, -h = -5. Let d(c) = 26 - 16 - 4*c + c**g - 12. Suppose 0 = 358*f - 339*f - 76. Give d(f).
-2
Let o(j) = 5*j + 1. Let d(k) = 26*k + 5. Let p(t) = 2*d(t) - 11*o(t). Let q be -12 - -17 - (0 - 0). Determine p(q).
-16
Let w(u) = -13*u**2 - 15*u + 26. Let m(f) = -2*f**2 + 2. Let o(z) = -6*m(z) + w(z). Determine o(-16).
-2
Let v(z) = -z**3 + 8*z**2 - 5*z + 5. Suppose -5*w - 25 = -5*f - 15, 2*f + 2*w - 4 = 0. Suppose -f*h + 1 = -13. Calculate v(h).
19
Let o = -4643 + 4638. Let v(m) = m**3 + 7*m**2 + 8*m - 11. Give v(o).
-1
Let l(r) = 926*r - 1710*r + 774*r - 22. Calculate l(-7).
48
Let j(n) = n + 10. Let a = -263 - -177. Let i = 82 + a. What is j(i)?
6
Let u(f) be the second derivative of -f**3/6 - 13*f**2/2 - 2*f - 84. Let m be (5 - (-2 - (3 + -5))) + -11. Determine u(m).
-7
Suppose 122*c = 130*c - 56. Let p(w) = -w**2 + 22*w - 102. Let a be p(c). Let q(b) = b + 4. Calculate q(a).
7
Let x(n) = 8*n - 1. Suppose -v + 2*u = 6, -2*u - 5 + 3 = -5*v. Let z be (-1)/(-2) + 1/v. Determine x(z).
7
Let p(d) = d**2 + 14*d + 15. Let w be -3 - 6 - (4 + (25/(-5) - -5)). Calculate p(w).
2
Let p(l) = l**2 + 10*l - 23. Let t be p(6). Suppose -t = -7*o + 179. Suppose -46 = -2*b - o. Let k(j) = 2*j + 1. Determine k(b).
11
Let p = -74 - -68. Let f(a) = -a**2 - 7*a + 2. Let x be f(p). Let c(z) = z - 5 - x + 11. What is c(-4)?
-6
Let l(h) be the first derivative of 166 + 5/2*h**2 + 4/3*h**3 - 1/4*h**4 - h. Suppose 5*d = 17 + 8. Determine l(d).
-1
Let m(r) = -4*r**2 - 15*r + 5. Let s(h) = -3*h**2 - 10*h + 3. Suppose -11*b - 78 + 1 = 0. Let y(f) = b*s(f) + 5*m(f). Determine y(5).
4
Let t(c) be the third derivative of -22*c**2 + 1/12*c**5 - 1/120*c**6 + 1/6*c**3 + 0 + 5/24*c**4 - 3*c. Let s be (-3)/(-4) + (-42)/(-8). Calculate t(s).
-5
Suppose 2*y = 2*i, i = 69*y - 65*y. Let a(v) = 2*v - 2 - 6*v**2 + 0*v + v + y*v + v**3. Give a(4).
-22
Let t(v) = 4283 - 34*v - 1424 - 1427 - 1433. What is t(1)?
-35
Let o(n) be the second derivative of 0*n**5 - 1/120*n**6 + 0 - 2*n + 1/24*n**4 + 7/3*n**3 + 0*n**2. Let u(c) be the second derivative of o(c). What is u(2)?
-11
Let b = -17 - -20. Let j(n) = 20*n**2 - 6*n - 8. Let m(s) = 7*s**2 - 2*s - 3. Let t(f) = f - 1. Let g be t(-4). Let o(d) = g*j(d) + 14*m(d). What is o(b)?
-14
Suppose -2*q + 1 = -5. Let g(w) = q*w - 6*w + 2*w + 6. 